12 + 11111221?
10111102
In base 2, what is 100101010 + -11010101010111?
-11010000101101
In base 6, what is 1 + -5250450?
-5250445
In base 11, what is -14592 + 2?
-14590
In base 4, what is 2210133233 - -20?
2210133313
In base 14, what is 62d - -ad?
6dc
In base 5, what is 243023 - 122?
242401
In base 3, what is -12222011220 - 100?
-12222012020
In base 10, what is 201 - 52?
149
In base 5, what is -3 + 4004211?
4004203
In base 3, what is -211111221201 + -12?
-211111221220
In base 9, what is 2876 - -16?
3003
In base 16, what is -1 - -4abb?
4aba
In base 7, what is 46630411 + 5?
46630416
In base 15, what is 3 - 74c?
-749
In base 9, what is -1 - 6220?
-6221
In base 2, what is -10000100011001 + 100?
-10000100010101
In base 15, what is 245 - 2?
243
In base 9, what is 4 - -42760?
42764
In base 13, what is -38 + -18b1?
-1919
In base 3, what is 0 + -121110202000?
-121110202000
In base 6, what is 12540 - 1?
12535
In base 7, what is -56120 + 16?
-56101
In base 5, what is -4022114 + 4?
-4022110
In base 8, what is -164 + 3775?
3611
In base 5, what is -121021 + -330?
-121401
In base 3, what is 0 - 2122221122?
-2122221122
In base 9, what is 2737 + -32?
2705
In base 16, what is -5035c + 2?
-5035a
In base 15, what is d339c + 3?
d33a0
In base 9, what is -1006 + -648?
-1655
In base 10, what is 3909 + -369?
3540
In base 9, what is 37 + 302?
340
In base 14, what is -cdd9 + 1?
-cdd8
In base 7, what is -3 - -165101?
165065
In base 9, what is -301 + -48?
-350
In base 6, what is -4555 - 1240?
-10235
In base 2, what is -1100 - -101101010100100?
101101010011000
In base 14, what is -394 - -8?
-38a
In base 16, what is d4e - 9?
d45
In base 5, what is 31210 + 41?
31301
In base 7, what is 0 + 404231?
404231
In base 13, what is 306 + 3c?
345
In base 10, what is -14740 - -7?
-14733
In base 4, what is -11313113 - 10?
-11313123
In base 6, what is 5 + -225020?
-225011
In base 9, what is 125268 - 3?
125265
In base 2, what is 1001011110 - -110?
1001100100
In base 4, what is 300033223 - -3?
300033232
In base 2, what is -10100011 + 110000101?
11100010
In base 7, what is 14 - -254305?
254322
In base 7, what is -12631 + 2230?
-10401
In base 7, what is 244543 + -122?
244421
In base 4, what is 1212202310 - -10?
1212202320
In base 9, what is -133 + -281?
-424
In base 13, what is c72aa - -2?
c72ac
In base 8, what is 37 + -2074?
-2035
In base 14, what is 4 - -122c?
1232
In base 12, what is -8 + 16498?
16490
In base 7, what is 1445512 + -3?
1445506
In base 14, what is -12c8 + 1c?
-12aa
In base 9, what is -3360 - 4?
-3364
In base 11, what is 3 - 181759?
-181756
In base 2, what is -1110101101100 + -10100?
-1110110000000
In base 14, what is 9096 - -53?
9109
In base 14, what is 3 - -117?
11a
In base 12, what is -572 + a5?
-489
In base 4, what is 2 + -202110?
-202102
In base 12, what is -129379 + -1?
-12937a
In base 14, what is c2 + 226?
308
In base 2, what is 101 + 10001010000000?
10001010000101
In base 13, what is -631b - 7?
-6325
In base 7, what is -2104 + 1?
-2103
In base 2, what is -10 + -110001110101110?
-110001110110000
In base 7, what is 2 + 136244?
136246
In base 7, what is -340245 + 5?
-340240
In base 16, what is -35d3a - -2?
-35d38
In base 8, what is 2577577 + -4?
2577573
In base 4, what is 10 + 202303?
202313
In base 2, what is -1101010000 + -1011?
-1101011011
In base 15, what is -76 - 20c?
-283
In base 3, what is -222120 - 12221?
-1012111
In base 11, what is -199 - 47?
-235
In base 4, what is -211110 + 2320?
-202130
In base 6, what is -4 + -112102?
-112110
In base 13, what is c - -3ca?
409
In base 12, what is -1 - -13838?
13837
In base 9, what is 4213 - 1208?
3004
In base 10, what is 9505 - 76?
9429
In base 2, what is -101110110 - -11101000101?
10111001111
In base 7, what is -26 - 62131?
-62160
In base 14, what is -a + a3d42?
a3d36
In base 15, what is aa569 - 5?
aa564
In base 3, what is 221222101202 - -1?
221222101210
In base 10, what is 55418 + 4?
55422
In base 14, what is -51 - -58a?
539
In base 6, what is 251244 - -23?
251311
In base 11, what is 3399 - 14?
3385
In base 9, what is -312280 + 3?
-312276
In base 5, what is 100 + 142230?
142330
In base 7, what is 25166 + 23?
25222
In base 14, what is 70cd2 - -24?
70d16
In base 4, what is 22133003 - -13?
22133022
In base 13, what is 1 - -38269c?
3826a0
In base 13, what is -28 - -22c5b?
22c33
In base 4, what is -210010113221 + 11?
-210010113210
In base 9, what is 11 - 160102?
-160081
In base 11, what is a18 - 70?
958
In base 13, what is b30 + -1?
b2c
In base 16, what is 1 + -87?
-86
In base 15, what is 6e8 - -4?
6ec
In base 13, what is -741a + -6?
-7423
In base 9, what is 178 - -148?
337
In base 14, what is -d4 - 1d4?
-2c8
In base 9, what is 213 - 1033?
-720
In base 13, what is 3bbb4 + 0?
3bbb4
In base 9, what is -1 - 1283?
-1284
In base 15, what is 3785d + -1?
3785c
In base 13, what is -38c00 - 3?
-38c03
In base 16, what is 24 + 14d2?
14f6
In base 13, what is 4 + 8c38?
8c3c
In base 15, what is 50b7 + -27?
5090
In base 14, what is 12c - -143?
271
In base 7, what is -52634 - -41?
-52563
In base 14, what is -4 - -a43a0?
a439a
In base 7, what is 34 + 30316?
30353
In base 14, what is -1574 - -21?
-1553
In base 11, what is -1 + -27825?
-27826
In base 10, what is -59 + -1410?
-1469
In base 9, what is 48 + -83503?
-83444
In base 4, what is 10122201 - 11?
10122130
In base 13, what is -1001 + 2a?
-ca4
In base 12, what is 27522 - -3?
27525
In base 13, what is -870 - 2ac?
-b4c
In base 12, what is 446 - 12?
434
In base 14, what is 2 - 6d4a3?
-6d4a1
In base 15, what is c06 - 3?
c03
In base 7, what is -16324 - 2105?
-21432
In base 14, what is -32d + 17a3?
1474
In base 11, what is 3a - 1778?
-1739
In base 12, what is 9 - -1b9b?
1ba8
In base 16, what is -145 - -af?
-96
In base 11, what is 112 + 192?
2a4
In base 4, what is 11 + -3310202220?
-3310202203
In base 14, what is -136ad0 + 2?
-136acc
In base 3, what is 211002010 + -10?
211002000
In base 4, what is 12331030222 - -2?
12331030230
In base 13, what is -6200a + 4?
-62006
In base 7, what is 1122625 - 2?
1122623
In base 7, what is 1233 + -22?
1211
In base 5, what is 2 - 423011?
-423004
In base 13, what is 1777 - a5?
16a2
In base 4, what is -1312023 + -112?
-1312201
In base 16, what is 4 + -e7c22?
-e7c1e
In base 7, what is 12 + 46252?
46264
In base 3, what is 12011122 + -211?
12010211
In base 9, what is -25 - -3864?
3838
In base 13, what is 211b - 60?
208b
In base 11, what is -7 - -8a50?
8a44
In base 3, what is 20 - 102100122102?
-102100122012
In base 4, what is 120 + -3110?
-2330
In base 3, what is -10 + -200120101022?
-200120101102
In base 5, what is 3042103 - -3?
3042111
In base 11, what is -38375 + 23?
-38352
In base 16, what is -edb6 + -f?
-edc5
In base 10, what is 42790 - -21?
42811
In base 16, what is 64c8f + 2?
64c91
In base 8, what is 27 + -20472?
-20443
In base 8, what is -27532 - -7?
-27523
In base 13, what is -7c48 + -1?
-7c49
In base 8, what is 12310 - -27?
12337
In base 8, what is 4 + -2027?
-2023
In base 3, what is -2102211012 - 1?
-2102211020
In base 8, what is -5 + -3214733?
-3214740
In base 10, what is -43916 - -37?
-43879
In base 2, what is 101101010010 + 1?
101101010011
In base 15, what is -e1302 - -3?
-e12ee
In base 14, what is -4c - -1324?
12b6
In base 16, what is -39a0 + a?
-3996
In base 4, what is -213332303133 - -3?
-213332303130
In base 7, what is -54 + 1361?
1304
In base 3, what is -12001 - 1212002?
-2001010
In base 12, what is -5 + -1b58b?
-1b594
In base 6, what is 2 + -232?
-230
In base 6, what is 544541 + 5?
544550
In base 4, what is 1122202033 - 2?
1122202031
In base 6, what is -2314 - 4?
-2322
In base 14, what is -2 - -84db0?
84dac
In base 14, what is c3 + 97c?
a61
In base 14, what is 3 + 1a64?
1a67
In base 10, what is 18 - 3750?
-3732
In base 2, what is 10110 - -10000000011100?
10000000110010
In base 10, what is 4 - -61176?
61180
In base 9, what is 475013 + 5?
475018
In base 11, what is 68 + 31a7?
3264
In base 8, what is -15 - 1065?
-1102
In base 13, what is -3 - -4b83c?
4b839
In base 3, what is 10 + -102010222120?
-102010222110
In base 4, what is 3 + 1330020?
1330023
In base 2, what is -10001001100011 - 10?
-10001001100101
In base 13, what is 5966 - -52?
59b8
In base 14, what is 5 + -a219?
-a214
In base 7, what is 341041 + 0?
341041
In base 9, what is 2806 - 26?
2770
In